{"id":75,"date":"2024-10-30T09:58:28","date_gmt":"2024-10-30T09:58:28","guid":{"rendered":"https:\/\/eduardo.ib6.pt\/?page_id=75"},"modified":"2024-11-04T15:12:54","modified_gmt":"2024-11-04T15:12:54","slug":"elementor-75","status":"publish","type":"page","link":"https:\/\/eduardo.ib6.pt\/","title":{"rendered":""},"content":{"rendered":"\t\t<div data-elementor-type=\"wp-page\" data-elementor-id=\"75\" class=\"elementor elementor-75\" data-elementor-post-type=\"page\">\n\t\t\t\t<div class=\"elementor-element elementor-element-e234eba e-con-full e-flex elementor-invisible e-con e-parent\" data-id=\"e234eba\" data-element_type=\"container\" data-settings=\"{&quot;animation&quot;:&quot;fadeIn&quot;}\">\n\t\t<div class=\"elementor-element elementor-element-dd75ea0 e-con-full e-flex e-con e-child\" data-id=\"dd75ea0\" data-element_type=\"container\">\n\t\t\t\t<div class=\"elementor-element elementor-element-7e964fd elementor-widget elementor-widget-image\" data-id=\"7e964fd\" data-element_type=\"widget\" data-widget_type=\"image.default\">\n\t\t\t\t<div class=\"elementor-widget-container\">\n\t\t\t\t\t\t\t\t\t\t\t\t\t<img fetchpriority=\"high\" decoding=\"async\" width=\"1024\" height=\"1024\" src=\"https:\/\/eduardo.ib6.pt\/wp-content\/uploads\/2024\/10\/WhatsApp-Image-2024-10-30-at-09.52.27-1024x1024.jpeg\" class=\"attachment-large size-large wp-image-77\" alt=\"\" srcset=\"https:\/\/eduardo.ib6.pt\/wp-content\/uploads\/2024\/10\/WhatsApp-Image-2024-10-30-at-09.52.27-1024x1024.jpeg 1024w, https:\/\/eduardo.ib6.pt\/wp-content\/uploads\/2024\/10\/WhatsApp-Image-2024-10-30-at-09.52.27-300x300.jpeg 300w, https:\/\/eduardo.ib6.pt\/wp-content\/uploads\/2024\/10\/WhatsApp-Image-2024-10-30-at-09.52.27-150x150.jpeg 150w, https:\/\/eduardo.ib6.pt\/wp-content\/uploads\/2024\/10\/WhatsApp-Image-2024-10-30-at-09.52.27-768x768.jpeg 768w, https:\/\/eduardo.ib6.pt\/wp-content\/uploads\/2024\/10\/WhatsApp-Image-2024-10-30-at-09.52.27.jpeg 1184w\" sizes=\"(max-width: 1024px) 100vw, 1024px\" \/>\t\t\t\t\t\t\t\t\t\t\t\t\t<\/div>\n\t\t\t\t<\/div>\n\t\t\t\t<\/div>\n\t\t<div class=\"elementor-element elementor-element-75a3629 e-con-full e-flex e-con e-child\" data-id=\"75a3629\" data-element_type=\"container\">\n\t\t\t\t<div class=\"elementor-element elementor-element-ea4b847 elementor-widget elementor-widget-text-editor\" data-id=\"ea4b847\" data-element_type=\"widget\" data-settings=\"{&quot;motion_fx_motion_fx_mouse&quot;:&quot;yes&quot;,&quot;motion_fx_tilt_effect&quot;:&quot;yes&quot;,&quot;motion_fx_tilt_speed&quot;:{&quot;unit&quot;:&quot;px&quot;,&quot;size&quot;:4,&quot;sizes&quot;:[]}}\" data-widget_type=\"text-editor.default\">\n\t\t\t\t<div class=\"elementor-widget-container\">\n\t\t\t\t\t\t\t<p>Ol\u00e1 , Sou o Eduardo Fernandes e venho falar um pouco sobre mim e o meu objetivo profissional .<\/p>\t\t\t\t\t\t<\/div>\n\t\t\t\t<\/div>\n\t\t\t\t<\/div>\n\t\t\t\t<\/div>\n\t\t<div class=\"elementor-element elementor-element-6551bc9 e-con-full e-flex e-con e-parent\" data-id=\"6551bc9\" data-element_type=\"container\">\n\t\t\t\t<div class=\"elementor-element elementor-element-83dedcb elementor-widget elementor-widget-html\" data-id=\"83dedcb\" data-element_type=\"widget\" data-widget_type=\"html.default\">\n\t\t\t\t<div class=\"elementor-widget-container\">\n\t\t\t<!-- CSS para o estilo dos bot\u00f5es dourados -->\r\n<style>\r\n  .button {\r\n    background-color: #DAA520; \/* Cor dourada *\/\r\n    color: #fff;\r\n    padding: 10px 20px;\r\n    border: none;\r\n    border-radius: 5px;\r\n    font-size: 16px;\r\n    cursor: pointer;\r\n    transition: background-color 0.3s ease, transform 0.2s ease;\r\n    display: inline-flex;\r\n    align-items: center;\r\n    gap: 8px;\r\n    text-decoration: none;\r\n  }\r\n\r\n  .button:hover {\r\n    background-color: #FFD700; \/* Tom de dourado mais claro *\/\r\n    transform: translateY(-3px); \/* Levanta o bot\u00e3o *\/\r\n  }\r\n<\/style>\r\n\r\n<!-- Bot\u00f5es com o estilo dourado -->\r\n<div style=\"display: flex; flex-direction: column; gap: 10px;\">\r\n  <a href=\"https:\/\/eduardo.ib6.pt\/index.php\/elementor-243\/\" class=\"button\">\r\n    <img decoding=\"async\" src=\"https:\/\/img.icons8.com\/ios-glyphs\/30\/ffffff\/user.png\" style=\"width: 20px;\">\r\n    Conhece-me melhor\r\n  <\/a>\r\n\r\n  <a href=\"https:\/\/eduardo.ib6.pt\/index.php\/230-2\/\" class=\"button\">\r\n    <img decoding=\"async\" src=\"https:\/\/img.icons8.com\/ios-glyphs\/30\/ffffff\/graduation-cap.png\" style=\"width: 20px;\">\r\n    A minha forma\u00e7\u00e3o profissional\r\n  <\/a>\r\n\r\n  <a href=\"https:\/\/eduardo.ib6.pt\/index.php\/minhas-qualidades\/\" class=\"button\">\r\n    <img decoding=\"async\" src=\"https:\/\/img.icons8.com\/ios-glyphs\/30\/ffffff\/medal.png\" style=\"width: 20px;\">\r\n    As Minhas Qualidades\r\n  <\/a>\r\n\r\n  <a href=\"https:\/\/eduardo.ib6.pt\/index.php\/o-que-fiz-ate-agora\" class=\"button\">\r\n    <img decoding=\"async\" src=\"https:\/\/img.icons8.com\/ios-glyphs\/30\/ffffff\/checkmark.png\" style=\"width: 20px;\">\r\n    Tudo o que fiz at\u00e9 agora\r\n  <\/a>\r\n<\/div>\r\n\t\t<\/div>\n\t\t\t\t<\/div>\n\t\t\t\t<\/div>\n\t\t<div class=\"elementor-element elementor-element-459a6da e-flex e-con-boxed e-con e-parent\" data-id=\"459a6da\" data-element_type=\"container\">\n\t\t\t\t\t<div class=\"e-con-inner\">\n\t\t\t\t<div class=\"elementor-element elementor-element-fea2935 elementor-widget elementor-widget-html\" data-id=\"fea2935\" data-element_type=\"widget\" data-widget_type=\"html.default\">\n\t\t\t\t<div class=\"elementor-widget-container\">\n\t\t\t<!-- HTML para o rodap\u00e9 aprimorado -->\r\n<footer style=\"background-color: #000; color: #fff; padding: 30px 0; border-top: 1px solid #444;\">\r\n  <div style=\"max-width: 1200px; margin: auto; text-align: center;\">\r\n\r\n    <p style=\"margin: 0; font-size: 14px; color: #888;\">\r\n      &copy; 2024 Eduardo Fernandes. Todos os direitos reservados.\r\n    <\/p>\r\n\r\n    <div style=\"margin: 15px 0; display: flex; justify-content: center; gap: 20px;\">\r\n\r\n      <!-- Link para Instagram -->\r\n      <a href=\"https:\/\/www.instagram.com\/goncalo_valeryo\/\" target=\"_blank\" \r\n         style=\"color: #fff; text-decoration: none; display: inline-flex; align-items: center; transition: color 0.3s;\">\r\n        <img decoding=\"async\" src=\"https:\/\/img.icons8.com\/ios-glyphs\/30\/ffffff\/instagram-new.png\" alt=\"Instagram\" \r\n             style=\"width: 20px; height: 20px; margin-right: 8px;\">\r\n        Instagram\r\n      <\/a>\r\n\r\n      <!-- N\u00famero de Telefone -->\r\n      <a href=\"tel:+351927303979\" style=\"color: #fff; text-decoration: none; display: inline-flex; align-items: center; transition: color 0.3s;\">\r\n        <img decoding=\"async\" src=\"https:\/\/img.icons8.com\/ios-glyphs\/30\/ffffff\/phone.png\" alt=\"Phone\" \r\n             style=\"width: 20px; height: 20px; margin-right: 8px;\">\r\n        +351 927 303 979\r\n      <\/a>\r\n\r\n      <!-- Link para Email -->\r\n      <a href=\"mailto:fredericof129@gmail.com\" style=\"color: #fff; text-decoration: none; display: inline-flex; align-items: center; transition: color 0.3s;\">\r\n        <img decoding=\"async\" src=\"https:\/\/img.icons8.com\/ios-glyphs\/30\/ffffff\/email.png\" alt=\"Email\" \r\n             style=\"width: 20px; height: 20px; margin-right: 8px;\">\r\n        Email\r\n      <\/a>\r\n      \r\n    <\/div>\r\n\r\n    <p style=\"margin: 0; font-size: 12px; color: #888;\">\r\n      Desenvolvido com \u2764\ufe0f por Eduardo Fernandes\r\n    <\/p>\r\n    \r\n  <\/div>\r\n<\/footer>\r\n\t\t<\/div>\n\t\t\t\t<\/div>\n\t\t\t\t\t<\/div>\n\t\t\t\t<\/div>\n\t\t\t\t<\/div>\n\t\t","protected":false},"excerpt":{"rendered":"<p>Ol\u00e1 , Sou o Eduardo Fernandes e venho falar um pouco sobre mim e o meu objetivo profissional . Conhece-me melhor A minha forma\u00e7\u00e3o profissional As Minhas Qualidades Tudo o que fiz at\u00e9 agora &copy; 2024 Eduardo Fernandes. Todos os direitos reservados. Instagram +351 927 303 979 Email Desenvolvido com \u2764\ufe0f por Eduardo Fernandes<\/p>\n","protected":false},"author":1,"featured_media":0,"parent":0,"menu_order":0,"comment_status":"closed","ping_status":"closed","template":"","meta":{"footnotes":""},"class_list":["post-75","page","type-page","status-publish","hentry"],"_links":{"self":[{"href":"https:\/\/eduardo.ib6.pt\/index.php\/wp-json\/wp\/v2\/pages\/75"}],"collection":[{"href":"https:\/\/eduardo.ib6.pt\/index.php\/wp-json\/wp\/v2\/pages"}],"about":[{"href":"https:\/\/eduardo.ib6.pt\/index.php\/wp-json\/wp\/v2\/types\/page"}],"author":[{"embeddable":true,"href":"https:\/\/eduardo.ib6.pt\/index.php\/wp-json\/wp\/v2\/users\/1"}],"replies":[{"embeddable":true,"href":"https:\/\/eduardo.ib6.pt\/index.php\/wp-json\/wp\/v2\/comments?post=75"}],"version-history":[{"count":113,"href":"https:\/\/eduardo.ib6.pt\/index.php\/wp-json\/wp\/v2\/pages\/75\/revisions"}],"predecessor-version":[{"id":353,"href":"https:\/\/eduardo.ib6.pt\/index.php\/wp-json\/wp\/v2\/pages\/75\/revisions\/353"}],"wp:attachment":[{"href":"https:\/\/eduardo.ib6.pt\/index.php\/wp-json\/wp\/v2\/media?parent=75"}],"curies":[{"name":"wp","href":"https:\/\/api.w.org\/{rel}","templated":true}]}}