{"id":209,"date":"2024-10-30T15:35:08","date_gmt":"2024-10-30T15:35:08","guid":{"rendered":"https:\/\/eduardo.ib6.pt\/?page_id=209"},"modified":"2024-11-04T12:25:39","modified_gmt":"2024-11-04T12:25:39","slug":"minhas-qualidades","status":"publish","type":"page","link":"https:\/\/eduardo.ib6.pt\/index.php\/minhas-qualidades\/","title":{"rendered":""},"content":{"rendered":"\t\t<div data-elementor-type=\"wp-page\" data-elementor-id=\"209\" class=\"elementor elementor-209\" data-elementor-post-type=\"page\">\n\t\t\t\t<div class=\"elementor-element elementor-element-6342f49 e-grid e-con-boxed e-con e-parent\" data-id=\"6342f49\" data-element_type=\"container\">\n\t\t\t\t\t<div class=\"e-con-inner\">\n\t\t\t\t<div class=\"elementor-element elementor-element-f9badda elementor-widget elementor-widget-text-editor\" data-id=\"f9badda\" data-element_type=\"widget\" data-settings=\"{&quot;sticky&quot;:&quot;bottom&quot;,&quot;sticky_on&quot;:[&quot;desktop&quot;,&quot;tablet&quot;,&quot;mobile&quot;],&quot;sticky_offset&quot;:0,&quot;sticky_effects_offset&quot;:0,&quot;sticky_anchor_link_offset&quot;:0}\" data-widget_type=\"text-editor.default\">\n\t\t\t\t<div class=\"elementor-widget-container\">\n\t\t\t\t\t\t\t<p>Din\u00e2mico e dedicado, com forte capacidade de adapta\u00e7\u00e3o e aprendizagem r\u00e1pida, especialmente em tecnologia e marketing digital. Tenho facilidade em operar com redes sociais e em quase tudo que envolve tecnologia. Proativo e \u00e1gil, valorizo a qualidade no trabalho individual e colaborativo, contribuindo com aten\u00e7\u00e3o aos detalhes e comunica\u00e7\u00e3o eficaz. Com um esp\u00edrito de equipe s\u00f3lido e respeito m\u00fatuo, busco sempre otimizar a produtividade e promover um ambiente de trabalho harmonioso<\/p>\t\t\t\t\t\t<\/div>\n\t\t\t\t<\/div>\n\t\t\t\t\t<\/div>\n\t\t\t\t<\/div>\n\t\t\t\t<\/div>\n\t\t","protected":false},"excerpt":{"rendered":"<p>Din\u00e2mico e dedicado, com forte capacidade de adapta\u00e7\u00e3o e aprendizagem r\u00e1pida, especialmente em tecnologia e marketing digital. Tenho facilidade em operar com redes sociais e em quase tudo que envolve tecnologia. Proativo e \u00e1gil, valorizo a qualidade no trabalho individual e colaborativo, contribuindo com aten\u00e7\u00e3o aos detalhes e comunica\u00e7\u00e3o eficaz. Com um esp\u00edrito de equipe [&hellip;]<\/p>\n","protected":false},"author":1,"featured_media":0,"parent":0,"menu_order":0,"comment_status":"closed","ping_status":"closed","template":"","meta":{"footnotes":""},"class_list":["post-209","page","type-page","status-publish","hentry"],"_links":{"self":[{"href":"https:\/\/eduardo.ib6.pt\/index.php\/wp-json\/wp\/v2\/pages\/209"}],"collection":[{"href":"https:\/\/eduardo.ib6.pt\/index.php\/wp-json\/wp\/v2\/pages"}],"about":[{"href":"https:\/\/eduardo.ib6.pt\/index.php\/wp-json\/wp\/v2\/types\/page"}],"author":[{"embeddable":true,"href":"https:\/\/eduardo.ib6.pt\/index.php\/wp-json\/wp\/v2\/users\/1"}],"replies":[{"embeddable":true,"href":"https:\/\/eduardo.ib6.pt\/index.php\/wp-json\/wp\/v2\/comments?post=209"}],"version-history":[{"count":11,"href":"https:\/\/eduardo.ib6.pt\/index.php\/wp-json\/wp\/v2\/pages\/209\/revisions"}],"predecessor-version":[{"id":330,"href":"https:\/\/eduardo.ib6.pt\/index.php\/wp-json\/wp\/v2\/pages\/209\/revisions\/330"}],"wp:attachment":[{"href":"https:\/\/eduardo.ib6.pt\/index.php\/wp-json\/wp\/v2\/media?parent=209"}],"curies":[{"name":"wp","href":"https:\/\/api.w.org\/{rel}","templated":true}]}}